j = -2*h + r. Let v(m) = -m + 14. Calculate v(j).
26
Let s(j) = j**2 + 2*j - 3. Let k(m) = -5*m + 9. Let a be k(1). Suppose 5*h = 25, -l - a*h + 28 = -3*l. Calculate s(l).
5
Let f(l) = -2*l**3 - 21*l**2 - 15*l - 14. Let n be f(-10). Let c(a) = 18*a + 1 - n*a**2 - 18*a + 37*a**2. Determine c(0).
1
Suppose 0 = 31*a - 35*a + 8. Let g(h) = 25*h**3 - 4*h + 0*h**a + 28*h**3 - 52*h**3 + 6*h**2 - 1. Suppose -s = -4*s - 21. What is g(s)?
-22
Suppose 0 = -a - 3*q - 8, -2*a + 3*q - 5*q - 4 = 0. Let u be (0 - a)*(2 + (-2 - -1)). Let c(i) be the first derivative of 19*i**2/2 - 5. Calculate c(u).
-19
Let l(t) be the second derivative of -t**5/20 + t**4/4 - t**3/3 - t**2 + 21*t + 2. Give l(2).
-2
Let l(c) = 95*c - 6738. Let g be l(71). Let b(y) = 2*y**2 - 23*y + 11. Calculate b(g).
-52
Let h(d) = 8*d**3 + d**2 + 1. Let j(c) = -31*c**3 - 16*c**2 + 14*c + 8. Let l(v) = 4*h(v) + j(v). Determine l(11).
45
Let f(i) = -2*i**2 + 9*i - 7. Let r = -2771 - -2777. What is f(r)?
-25
Let t(j) be the third derivative of j**6/120 + j**5/6 + j**4/2 + 10*j**3/3 - 760*j**2. Give t(-9).
-7
Let f(g) = -26 - 20 - 534*g + 267*g + 270*g. Let z be f(13). Let k(t) = -t**2 - 7*t + 7. Give k(z).
7
Let j(v) = v**3 - 3*v**2 - 555*v - 3. Let a(x) = -138*x. Let f(h) = 4*a(h) - j(h). Let i(s) = s**3 - s**2 + s - 2. Let t be i(2). Give f(t).
-1
Let w(f) = 6*f - 2. Let m(u) be the first derivative of u**3/3 + 3*u**2/2 + 2*u + 12. Let b be m(-4). Suppose g - 2*g = 4*z - b, 5*z = 3*g + 16. Give w(z).
10
Let u(f) = -6*f**3 - f**2. Suppose -3*h = h + 2*t - 50, -4*h + 4*t = -44. Suppose h*j = 8*j + 252. Let s be (-18)/j + 1/(-7)*5. Determine u(s).
5
Let y(o) = -o**2 + 19*o - 37. Let f(m) = -m**2 + 69*m - 667. Let b be f(57). Determine y(b).
-3
Let l = 17365/6 - 2894. Let u(d) be the third derivative of d**3 + 0 + l*d**4 - 11*d**2 + 0*d + 1/60*d**5. What is u(-4)?
6
Let n(g) = 28 + 13 - 7*g + 31 - 77 + 30. What is n(4)?
-3
Let i(f) = 2*f**3 - 2*f**2 + 3*f + 1. Suppose -6*g + 3*r - 8 = -7*g, 24 = g - r. Let z(y) = y**3 - 20*y**2 + y - 17. Let p be z(g). Give i(p).
46
Let g(j) be the second derivative of -j**5/20 - 3*j**4/4 + j**3/2 - 13*j**2 + 56*j - 32. Calculate g(-10).
44
Let t(i) = -188*i - 37. Let c be t(2). Let r = -403 - c. Let b(j) = j**3 - 10*j**2 - 10. Determine b(r).
-10
Let m(n) = -464*n + 3 - 454*n + 1347*n - 459*n. Give m(1).
-27
Let r(q) be the first derivative of -2*q**3/3 - 5*q**2/2 - 2890. Let v(n) = -4*n**2 + n - 1. Let l be v(1). Give r(l).
-12
Let r(u) = -u - 5. Let g(a) = a + 26. Let n(i) be the first derivative of i**2 + 52*i + 24. Let t(j) = -7*g(j) + 3*n(j). Let v be t(-21). Calculate r(v).
0
Let o(k) = -6*k**3 - 5*k**2 - 29*k + 30. Let r(h) = -h**3 - h**2 - 6*h - 4. Let m(c) = o(c) - 5*r(c). Give m(0).
50
Let k(v) = 6*v**2 - 18*v + 15. Let t(p) = 4*p**2 - 1. Let n(b) = -k(b) + 2*t(b). Calculate n(-10).
3
Suppose s = -3*n + 10, -19*n - 50 = -14*s - 16*n. Let x(h) be the second derivative of 0 + 15*h - 1/12*h**s - 5/2*h**2 - 1/3*h**3. Determine x(-4).
-13
Let i(f) = 4*f + 4 - 2*f - 3. Suppose 201 = 90*a - 23*a. Suppose a*j = -5*w + 13, 39 - 35 = -j. Give i(w).
11
Suppose 4*k + 5*k = 225. Suppose 5*i + 20 = k. Let u(q) = 20*q + 1. What is u(i)?
21
Suppose 19*o = 21*o + 4*w - 1262, -3130 = -5*o - 5*w. Let z = -626 + o. Let y(n) = 2*n**2 + 8*n + 7. Calculate y(z).
17
Let o be 6/16*(-17 - -25). Let i(u) = -1 - u**2 + 0*u + 0*u**2 - u**3 + 2*u. Calculate i(o).
-31
Let d(t) = -2*t + 1172 + 4*t - 16*t**2 + 2*t + t**3 - 1184 - 5*t. Determine d(16).
-28
Let x(h) = -67*h + 329. Let v(c) = -17*c + 80. Let k(n) = -15*v(n) + 4*x(n). Calculate k(9).
-1
Let h(r) = 16*r**2 - 4*r + 6. Let s(i) = 45*i**2 - 11*i + 16. Let j(v) = 11*h(v) - 4*s(v). What is j(-1)?
-2
Let t(g) = 17*g + 114. Let z be (1/(-2))/(10/(-4)) + 972/(-135). Calculate t(z).
-5
Let j(w) = 4 - 16*w - 3 + 20*w. Suppose 8*x = 10 + 46. Suppose -x*u + 6 = 20. What is j(u)?
-7
Let y(q) = 3*q - 6. Let o(f) = f**2 + 7*f - 7. Let t be o(5). Suppose -16*u + 12*u = -40. Suppose -u*g = -t + 3. What is y(g)?
9
Let q(l) be the first derivative of l**5/120 + l**4/6 + l**3/3 + 5*l + 40. Let r(u) be the third derivative of q(u). Calculate r(-7).
-3
Suppose -2*f - z - 2 = -4*f, 5*z = 10. Suppose 4*l + 18 = f*l. Let w(i) = 10 - 304*i + 120*i + 96*i + 90*i + 3. What is w(l)?
-5
Let z(h) = 101*h**2 + 9*h - 7. Let t(j) = -11*j**2. Let c(g) = -9*t(g) - z(g). Calculate c(-10).
-103
Let h(m) = m**3 + 16*m**2 + m + 22. Let t be h(-16). Suppose -4*i - 34 = 4*y - t, 4*y - i + 3 = 0. Let f(r) = 3*r**2 - 4*r**2 - 4 + 1 - 4*r. Give f(y).
1
Let d(y) = -2*y**2 - 3983 - 9*y**2 + y**3 + 6*y + 3990 + 3*y**2. What is d(5)?
-38
Let y be 2 + ((-3)/(-9) - 6/(-9)). Suppose -40 = 5*i - 5*n, 4 = y*n - 11. Let l(j) = -j**2 - 4*j. Determine l(i).
3
Suppose 1632 - 4782 = 213*n + 12*n. Let w(p) = -p**3 - 15*p**2 - 9*p + 65. What is w(n)?
-5
Let o(y) = 5*y - 12. Let k(a) = -11*a + 23. Let i(l) = 6*k(l) + 13*o(l). Suppose 4*d - 5*j + 267 - 252 = 0, 0 = 5*d + 5*j + 75. What is i(d)?
-8
Let i(s) be the third derivative of -s**6/24 + s**4/24 - 5*s**3/3 + s**2 + 12. Let y(z) = -z**3 + z**2 + z - 1. Let t(l) = -i(l) + 4*y(l). Determine t(-4).
-6
Let x(w) = 12 - w + 5 - 5. Let t(a) = a**3 - 19*a**2 - 2*a + 46. Let u be t(19). Suppose 29 = -u*r + 93. Calculate x(r).
4
Let y(k) = -175*k + 13. Let w(f) = 2*f**2 + 259*f - 14. Let l(c) = 2*w(c) + 3*y(c). Calculate l(5).
76
Let d(i) be the second derivative of -i**5/20 + 7*i**4/12 + i**3/6 + 3*i**2/2 + 1555*i. What is d(7)?
10
Let t(x) be the first derivative of 10*x**2 - 53*x - 11*x**2 + 172 + 44*x. Give t(-9).
9
Let d(t) = 7*t**3 + 4*t**2 - 5*t - 2. Let q(i) = i**3 + 10*i**2 + 33*i + 38. Let v be q(-3). Calculate d(v).
60
Let l(k) = k**3 - k**2 + k - 1. Let j(m) = -2*m**3 - 5*m**2 - 4*m + 7. Suppose 9*c - 6*c = -3. Let n(i) = c*j(i) - 3*l(i). Let s = 104 - 96. What is n(s)?
4
Let s(k) = -5*k - 20. Let c(n) be the first derivative of 3*n**2 + 21*n + 71. Let o(j) = -2*c(j) - 3*s(j). Determine o(-13).
-21
Suppose -18*x = -19*x + 28. Let k(u) = -30 + 8 + x - 2*u. Give k(6).
-6
Let j = 98 - -267. Let t = -359 + j. Let q(u) = -u**2 + 9*u - 6. Calculate q(t).
12
Suppose -2*x + 10 = 3*j - 0*x, -5*x = 4*j - 4. Let p = -7 + j. Let q(y) = -14*y - 29*y - 18*y + 75*y - 34*y - 1. Calculate q(p).
19
Let o(k) = -k**3 - 7*k**2 + 18*k + 1. Let y = 792 + -801. Let j be o(y). Let s(b) = 14*b - 1. Give s(j).
13
Let g(m) = 2816 - 86*m**2 - 2816. Calculate g(-1).
-86
Let m(p) be the third derivative of p**6/120 + p**5/15 - p**4/4 - 5*p**3/6 - 1745*p**2 - 1. Suppose 3*w = 4*w + 5. Give m(w).
0
Let u(f) be the first derivative of f**4/4 + 4*f**3/3 - 4*f**2 - 3*f + 852. Calculate u(-5).
12
Let i(j) = j + 23. Let f(q) = q**3 + 3*q**2 - 66*q - 317. Let n be f(-6). Determine i(n).
-6
Let v(c) be the second derivative of c**4/12 - c**3/6 - 4*c**2 - 2*c - 106. Let n = 388 + -383. Calculate v(n).
12
Let g be ((-3)/2)/(4/(-8)). Suppose -2*l = 4*t - 74, t = -g*l + 13 + 8. Let y(r) = -t*r + r**2 - r + 4 + 10*r. What is y(6)?
-14
Let g(m) = 6*m. Let d = 400 + -207. Suppose 2 = -d*o + 192*o. Calculate g(o).
-12
Let a(i) = -24*i**2 - 47*i**2 + 72*i**2 + 79 - 15*i - 6*i. Determine a(4).
11
Let r(y) = 26*y + 26. Let m = 35742 - 35738. Give r(m).
130
Let l(d) = -17*d**3 - 7*d**2 + 23*d - 35. Let n(f) = 9*f**3 + 4*f**2 - 13*f + 19. Let g(b) = 6*l(b) + 11*n(b). Determine g(3).
-79
Suppose -7*u - 22 = -a - 31, 0 = 5*u + 5*a - 35. Let d(l) = -l**3 + 3*l**2 + l + 3. Give d(u).
9
Let d(i) = 0*i + 6*i**2 - 1 - i**3 + 4*i - 3*i**2 - 5*i. Let h(a) = 2*a**3 + 6*a**2 - 21*a - 49. Let l be h(-4). Calculate d(l).
-4
Let t(c) = -c**3 - 6*c**2 - 6*c + 5. Let i be t(-5). Suppose -2*v = i, -w - 2*w = -2*v - 19. Let f(m) = -2*m. Determine f(w).
-6
Let o(w) = -5*w + 96. Let q(f) = 3*f - 62. Let u(t) = -5*o(t) - 8*q(t). Calculate u(0).
16
Let z(f) = -53*f + 65. Let t(v) = -47*v + 57. Let c(a) = 9*t(a) - 8*z(a). Suppose 2*l = 3*l - 6. Give c(l).
-1
Let u(v) = v**3 - 14*v**2 - 33*v - 5. Suppose -3*q - 5*m = -73, 3*q - 33 = -13*m + 16*m. Calculate u(q).
-21
Let z(b) be the first derivative of -b**4/4 - b**3/3 - b**2/2 - 46*b - 48. Calculate z(0).
-46
Let j(t) = -3*t**3 + 23*t**2 - 25*t - 21. Let p(u) = 16*u**3 - 112*u**2 + 124*u + 104. Let x(r) = -11*j(r) - 2*p(r). What is x(28)?
-5
Let z(x